t x(p) = 3366*p - 97594. Give x(29).
20
Let m(k) = -k**2 - 42*k + 735719. Determine m(-879).
-4
Let l(b) = -9*b**3 - 2419*b**2 + 9686*b + 8. Calculate l(4).
-528
Let k(j) = 810*j + 199047. Calculate k(-246).
-213
Let f(d) = d**3 + 122*d**2 + 3611*d - 4216. What is f(-68)?
-68
Let a(b) = -5*b**2 - 104*b - 655. What is a(-24)?
-1039
Let y(s) = 9*s**3 - 4*s**2 - 67*s - 199. Give y(-4).
-571
Let t(g) = -42*g**3 + 12057*g**2 - 868*g + 1998. Determine t(287).
-11
Let h(t) = t**2 + 2766*t - 19514. Calculate h(7).
-103
Let w(g) = -18249*g - 328476. Determine w(-18).
6
Let z(l) = l**3 + 18*l**2 + 14*l + 56. What is z(-6)?
404
Let n(f) = 3*f**3 + 154*f**2 + 522*f - 868. What is n(-5)?
-3
Let z(m) = -m**3 + 51*m**2 - 1314*m + 10667. Determine z(13).
7
Let p(i) = -1179*i + 1167. Determine p(-1).
2346
Let k(q) = 9*q**2 + 67*q + 405. Calculate k(-15).
1425
Let c(i) = 2*i**3 + 667*i**2 - 6108*i - 504. Determine c(9).
9
Let r(h) = -71267*h - 498844. What is r(-7)?
25
Let g(m) = -m**2 - 4405*m - 161619. Determine g(-37).
-3
Let t(s) = 8588*s + 33738. Calculate t(-4).
-614
Let w(l) = 255*l - 1933. What is w(6)?
-403
Let v(g) = g**3 + 63*g**2 + 618*g + 22564. What is v(-59)?
26
Let q(g) = g**2 + 193*g + 2464. What is q(-16)?
-368
Let j(f) = -19*f**2 - 2268*f - 1097. Calculate j(-119).
-264
Let j(w) = -w**2 - 181614*w - 2723972. Calculate j(-15).
13
Let s(m) = 21180*m + 381261. What is s(-18)?
21
Let t(h) = -94793*h - 189592. Calculate t(-2).
-6
Let q(p) = -p**2 + 95*p - 2452. What is q(39)?
-268
Let w(s) = s**2 - 183*s + 7312. What is w(35)?
2132
Let b(u) = -2*u**3 + 2*u**2 + 288*u - 1495. Calculate b(6).
-127
Let d(z) = -16*z + 963. Calculate d(56).
67
Let t(m) = 31178*m + 374143. What is t(-12)?
7
Let g(m) = m**2 + 66*m - 5319. Determine g(-113).
-8
Let g(u) = -u**3 + 7*u**2 - 329*u - 2429. Give g(-6).
13
Let h(i) = -i**2 - 232*i - 13792. What is h(-107)?
-417
Let p(a) = -2*a**2 + 188*a - 1404. Give p(86).
-28
Let m(z) = -8113*z - 56784. What is m(-7)?
7
Let g(k) = k**3 - 75*k**2 + 514*k + 5284. What is g(66)?
4
Let s(a) = -66*a**3 - 1718*a**2 + 8*a + 1574. Determine s(-26).
14
Let a(y) = -3*y**2 - 26274*y - 262444. What is a(-10)?
-4
Let v(a) = 23*a**2 + 361*a - 6629. Give v(-27).
391
Let x(s) = -s**2 - 405*s - 16196. Give x(-45).
4
Let a(t) = -148*t**2 + 465*t - 15. Determine a(3).
48
Let l(s) = 3*s**2 - 11949*s - 11950. Give l(-1).
2
Let a(i) = 54*i + 13273. Calculate a(-201).
2419
Let g(a) = 26*a**3 - 8782*a**2 - 8789*a - 5. Calculate g(-1).
-24
Let u(r) = r**3 - 9*r**2 + 23*r + 136. Give u(12).
844
Let j(n) = 2*n**2 + 4154*n - 105097. Give j(25).
3
Let a(j) = 1023*j + 1429. Give a(-1).
406
Let o(j) = 6*j**2 + 15828*j + 110528. Calculate o(-7).
26
Let c(b) = -58*b**2 - 6451*b - 53358. Determine c(-9).
3
Let n(a) = 18*a**2 - 88*a - 606. Determine n(-8).
1250
Let c(s) = 6401*s - 396867. Determine c(62).
-5
Let n(x) = 393*x + 914. What is n(-11)?
-3409
Let o(x) = -7*x**2 + 252*x - 290. Calculate o(35).
-45
Let p(u) = 13*u**3 - 509*u**2 + 82*u - 165. Give p(39).
-9
Let d(n) = 2*n**3 + 145*n**2 - 214*n + 446. Give d(-74).
-146
Let a(l) = 3438*l**2 + 3428*l - 7. What is a(-1)?
3
Let c(t) = -t**2 - 2066*t - 162699. Determine c(-82).
-11
Let d(x) = -778*x + 2558. Calculate d(3).
224
Let h(b) = 20*b**2 + 2029*b - 18836. Determine h(-110).
-26
Let b(o) = o**3 - 50*o**2 - 1054*o - 238. Give b(66).
-106
Let b(z) = -z**2 + 375*z + 5011. Calculate b(-13).
-33
Let u(c) = -c**3 + 113*c**2 - 104*c - 766. Give u(112).
130
Let u(h) = h**3 - 334*h**2 + 9400*h - 222. Determine u(31).
-5
Let z(t) = -96097*t - 960961. Determine z(-10).
9
Let i(s) = s**2 - 455*s + 24348. Give i(53).
3042
Let v(u) = -1308*u + 103296. Give v(79).
-36
Let i(p) = 263*p**3 + 4*p**2 - 234*p + 231. Determine i(1).
264
Let i(u) = 3*u**3 + 70*u**2 - 12*u + 66. Give i(-22).
2266
Let s(b) = 5*b**2 + 133*b - 504. Give s(4).
108
Let h(v) = -2*v**3 + 4145*v**2 - 6257*v + 91120. Determine h(2071).
-4
Let f(r) = 4580*r + 22888. Determine f(-5).
-12
Let x(p) = -14*p**2 - 537*p + 1083. Calculate x(2).
-47
Let d(m) = -2489*m + 23770. Determine d(8).
3858
Let z(h) = 3*h**3 + 6*h**2 - 31*h + 1829. Calculate z(0).
1829
Let r(d) = -d**3 + 127*d**2 + 4156*d + 48. Determine r(-27).
102
Let y(u) = 3518*u + 38588. Give y(-11).
-110
Let t(o) = 29*o**2 + 397*o - 1487. Give t(-17).
145
Let i(r) = r**2 - 51606*r - 1187308. Determine i(-23).
159
Let q(g) = 530*g + 4220. Determine q(-12).
-2140
Let m(l) = 50*l + 1442. Determine m(-45).
-808
Let c(s) = -686*s**2 + 36357*s + 58. What is c(53)?
5
Let s(i) = 3*i**2 + 2764*i - 8280. Calculate s(3).
39
Let j(y) = 2*y**3 + 293*y**2 - 200*y - 7789. What is j(-147)?
2
Let r(c) = c**2 + 30*c - 781. Calculate r(-47).
18
Let i(z) = -738*z - 5703. Calculate i(-8).
201
Let z(v) = -3*v**2 - 53*v + 32101. Calculate z(95).
-9
Let d(s) = -5*s**2 - 279*s + 495. Determine d(-60).
-765
Let p(k) = 9696*k - 19144. Determine p(2).
248
Let k(a) = -15404*a + 92440. What is k(6)?
16
Let k(r) = -103354*r - 1343514. Calculate k(-13).
88
Let d(s) = 36298*s + 508365. Determine d(-14).
193
Let i(s) = 22320*s + 1808421. What is i(-81)?
501
Let t(r) = -72*r - 18381. Determine t(-241).
-1029
Let c(j) = -3944*j - 295807. What is c(-75)?
-7
Let p(z) = -2272*z - 51555. Determine p(-23).
701
Let q(p) = 15*p + 587. Determine q(-15).
362
Let d(p) = 482562*p + 68523809. What is d(-142)?
5
Let k(v) = 222*v**2 + 3560*v + 131. Determine k(-16).
3
Let m(g) = g**3 - 72*g**2 + 330*g + 351. What is m(67)?
16
Let l(f) = -17*f**3 + 749*f**2 - 828*f + 2332. Give l(43).
10
Let y(h) = -8001*h + 63871. Give y(8).
-137
Let o(z) = 33*z**3 - 2043*z**2 - 187*z + 143. Calculate o(62).
81
Let j(v) = -5*v**2 + 18*v + 4. Calculate j(2).
20
Let s(k) = -112*k**2 + 12897*k - 1962. Determine s(115).
-7
Let o(g) = g**3 + 14*g**2 + 6*g + 103. Give o(-14).
19
Let s(w) = 29*w**3 - 205*w**2 - 23*w + 326. Calculate s(7).
67
Let z(v) = 3*v**3 - 66*v**2 + 234*v - 28. Determine z(4).
44
Let u(s) = -s**3 + 33*s**2 + 46*s - 1888. Calculate u(32).
608
Let t(i) = 74022*i + 1258297. What is t(-17)?
-77
Let r(x) = -16*x**3 - 99*x**2 + 23*x + 216. Give r(-6).
-30
Let j(h) = -8321*h - 58268. Give j(-7).
-21
Let n(r) = 739*r + 124156. Calculate n(-168).
4
Let s(d) = 2*d**3 - 405*d**2 + 1015*d - 3013. Determine s(200).
-13
Let o(y) = -y**2 + 1644*y - 307248. Calculate o(215).
-13
Let p(i) = 3*i**3 - 21*i**2 - 1183*i + 2434. What is p(2)?
8
Let z(l) = -3*l**2 - 32*l + 935. Calculate z(20).
-905
Let l(g) = -16292*g - 195531. What is l(-12)?
-27
Let j(w) = -w**2 + 3206*w + 97074. What is j(-30)?
-6
Let f(u) = -u**2 - 179*u + 13440. What is f(-236)?
-12
Let v(u) = 42*u**2 - 271*u - 6. Give v(7).
155
Let n(r) = -1854659*r + 38. Determine n(0).
38
Let w(z) = 3*z**3 + z**2 - 277*z + 998. Calculate w(4).
98
Let o(l) = 411*l + 50576. Calculate o(-123).
23
Let v(w) = 9*w**2 + 1071*w + 6108. Determine v(-6).
6
Let g(t) = 10724*t - 64249. Give g(6).
95
Let v(u) = 11*u**3 + 101*u**2 - 95*u - 983. Calculate v(-9).
34
Let a(b) = b**3 - 29*b**2 - 456*b + 2278. Determine a(4).
54
Let k(g) = -62*g**2 - 276*g + 802. Give k(3).
-584
Let c(x) = 1111*x**2 + 7*x - 658. Determine c(0).
-658
Let v(q) = 29006*q - 86996. Determine v(3).
22
Let z(r) = -71703*r + 20865572. Determine z(291).
-1
Let w(d) = 98715*d - 1085693. What is w(11)?
172
Let c(u) = 3*u**2 - 55026*u + 330058. Give c(6).
10
Let o(t) = -t**3 + 253*t**2 - 5490*t - 1348. What is o(229)?
26
Let j(s) = -47*s**2 - 2577*s + 8945. Determine j(-58).
303
Let k(b) = 5*b**2 - 462*b - 527. What is k(93)?
-248
Let o(m) = -1173*m + 10150. What is o(8)?
766
Let a(t) = t**3 + 10*t**2 + 1036*t + 17879. What is a(-16)?
-233
Let c(q) = q**3 + 127*q**2 - 7747*q + 119. What is c(45)?
-196
Let n(c) = 67369*c + 404227. Calculate n(-6).
13
Let c(s) = -32*s**2 + 132*s - 19. What is c(7)?
-663
Let s(z) = 956*z + 304010. Determine s(-318).
2
Let n(v) = 9*v**2 - 1431*v + 2527. Calculate n(157).
-299
Let h(k) = -193*k**3 - 2*k**2 - 10*k - 6. Determine h(-1).
195
Let y(l) = l**3 - 1000*l**2 + 148241*l - 374. Calculate y(181).
-12
Let a(p) = -39*p + 4560. Calculate a(119).
-81
Let i(z) = z**3 + 82*z**2 - 55*z + 9507. Give i(-84).
15
Let y(f) = 161*f**2 + 1118*f + 53. Calculate y(-7).
116
Let q(s) = 44009*s - 1584317. Give q(36).
7
Let s(z) = z**3 + 